{"id":1372,"date":"2024-07-18T23:04:39","date_gmt":"2024-07-18T21:04:39","guid":{"rendered":"https:\/\/jtcompanyabogadoss.com\/?page_id=1372"},"modified":"2024-07-20T15:16:26","modified_gmt":"2024-07-20T13:16:26","slug":"comercial","status":"publish","type":"page","link":"https:\/\/jtcompanyabogadoss.com\/index.php\/comercial\/","title":{"rendered":"COMERCIAL"},"content":{"rendered":"\t\t<div data-elementor-type=\"wp-page\" data-elementor-id=\"1372\" class=\"elementor elementor-1372\">\n\t\t\t\t<div class=\"elementor-element elementor-element-6b6ae23 e-flex e-con-boxed e-con e-parent\" data-id=\"6b6ae23\" data-element_type=\"container\">\n\t\t\t\t\t<div class=\"e-con-inner\">\n\t\t\t\t<div class=\"elementor-element elementor-element-83c4e96 elementor-widget__width-inherit elementor-widget elementor-widget-image\" data-id=\"83c4e96\" data-element_type=\"widget\" id=\"COMERCIAL 1\" data-widget_type=\"image.default\">\n\t\t\t\t<div class=\"elementor-widget-container\">\n\t\t\t\t\t\t\t\t\t\t\t\t\t<img fetchpriority=\"high\" decoding=\"async\" width=\"5760\" height=\"1950\" src=\"https:\/\/jtcompanyabogadoss.com\/wp-content\/uploads\/2024\/07\/8.png\" class=\"attachment-full size-full wp-image-1374\" alt=\"COMERCIAL\" srcset=\"https:\/\/jtcompanyabogadoss.com\/wp-content\/uploads\/2024\/07\/8.png 5760w, https:\/\/jtcompanyabogadoss.com\/wp-content\/uploads\/2024\/07\/8-300x102.png 300w, https:\/\/jtcompanyabogadoss.com\/wp-content\/uploads\/2024\/07\/8-1024x347.png 1024w, https:\/\/jtcompanyabogadoss.com\/wp-content\/uploads\/2024\/07\/8-768x260.png 768w, https:\/\/jtcompanyabogadoss.com\/wp-content\/uploads\/2024\/07\/8-1536x520.png 1536w, https:\/\/jtcompanyabogadoss.com\/wp-content\/uploads\/2024\/07\/8-2048x693.png 2048w\" sizes=\"(max-width: 5760px) 100vw, 5760px\" \/>\t\t\t\t\t\t\t\t\t\t\t\t\t<\/div>\n\t\t\t\t<\/div>\n\t\t\t\t\t<\/div>\n\t\t\t\t<\/div>\n\t\t<div class=\"elementor-element elementor-element-2e788aa e-flex e-con-boxed e-con e-parent\" data-id=\"2e788aa\" data-element_type=\"container\">\n\t\t\t\t\t<div class=\"e-con-inner\">\n\t\t\t\t<div class=\"elementor-element elementor-element-a5d6017 elementor-widget elementor-widget-heading\" data-id=\"a5d6017\" data-element_type=\"widget\" data-widget_type=\"heading.default\">\n\t\t\t\t<div class=\"elementor-widget-container\">\n\t\t\t<h2 class=\"elementor-heading-title elementor-size-default\">ABOGADO COMERCIAL<\/h2>\t\t<\/div>\n\t\t\t\t<\/div>\n\t\t\t\t\t<\/div>\n\t\t\t\t<\/div>\n\t\t<div class=\"elementor-element elementor-element-842b61d e-flex e-con-boxed e-con e-parent\" data-id=\"842b61d\" data-element_type=\"container\">\n\t\t\t\t\t<div class=\"e-con-inner\">\n\t\t\t\t<div class=\"elementor-element elementor-element-f99e5c4 elementor-widget elementor-widget-text-editor\" data-id=\"f99e5c4\" data-element_type=\"widget\" id=\"COMERCIAL 1\" data-widget_type=\"text-editor.default\">\n\t\t\t\t<div class=\"elementor-widget-container\">\n\t\t\t\t\t\t\t<p><strong>Derecho Comercial<\/strong><\/p><p>Concepto:<\/p><p>El derecho comercial es una rama del derecho privado que regula las relaciones jur\u00eddicas derivadas de los actos de comercio, los cuales involucran a comerciantes, empresas, y negocios. Este campo del derecho se enfoca en las actividades comerciales, mercantiles y empresariales, abarcando desde la creaci\u00f3n de sociedades hasta la resoluci\u00f3n de conflictos entre comerciantes.<\/p><p><strong>Servicios Destacados:<\/strong><\/p><p><strong>Constituci\u00f3n de Empresas:<\/strong><\/p><p>Asesor\u00eda en la elecci\u00f3n del tipo de sociedad (S.A.S., S.A., Ltda., entre otras).<\/p><p>Redacci\u00f3n y revisi\u00f3n de estatutos sociales.<\/p><p>Registro de la empresa ante las autoridades competentes.<\/p><p><strong>Contratos Comerciales:<\/strong><\/p><p>Elaboraci\u00f3n y revisi\u00f3n de contratos de compraventa, distribuci\u00f3n, franquicia, arrendamiento, entre otros.<\/p><p>Negociaci\u00f3n y asesor\u00eda en la firma de acuerdos comerciales.<\/p><p><strong>Propiedad Intelectual:<\/strong><\/p><p>Registro de marcas y patentes.<\/p><p>Defensa de derechos de propiedad intelectual y acciones contra infracciones.<\/p><p><strong>Resoluci\u00f3n de Conflictos:<\/strong><\/p><p>Representaci\u00f3n en litigios comerciales.<\/p><p>Mediaci\u00f3n y arbitraje para la soluci\u00f3n de disputas entre comerciantes.<\/p><p><strong>Fusiones y Adquisiciones:<\/strong><\/p><p>Asesor\u00eda en procesos de fusi\u00f3n, adquisici\u00f3n y reorganizaci\u00f3n empresarial.<\/p><p>Due diligence y negociaci\u00f3n de t\u00e9rminos.<\/p><p><strong>Asesor\u00eda en Materia de Insolvencia:<\/strong><\/p><p>Procedimientos de reestructuraci\u00f3n y liquidaci\u00f3n de empresas.<\/p><p>Representaci\u00f3n en procesos de insolvencia y quiebra.<\/p><p><strong>Cumplimiento Normativo:<\/strong><\/p><p>Asesor\u00eda en cumplimiento de normativas comerciales y empresariales.<\/p><p>Implementaci\u00f3n de pol\u00edticas de compliance.<\/p><p><strong>Cont\u00e1ctanos para Asesor\u00eda Privada<\/strong><\/p><p><strong>Si necesitas asesor\u00eda en cualquiera de estos servicios, no dudes en escribirnos por WhatsApp. Estamos aqu\u00ed para ayudarte a resolver todas tus inquietudes y brindarte la mejor asesor\u00eda jur\u00eddica comercial.<\/strong><\/p><p>\u00a0<\/p>\t\t\t\t\t\t<\/div>\n\t\t\t\t<\/div>\n\t\t\t\t\t<\/div>\n\t\t\t\t<\/div>\n\t\t\t\t<\/div>\n\t\t","protected":false},"excerpt":{"rendered":"<p>ABOGADO COMERCIAL Derecho Comercial Concepto: El derecho comercial es una rama del derecho privado que regula las relaciones jur\u00eddicas derivadas de los actos de comercio, los cuales involucran a comerciantes, empresas, y negocios. Este campo del derecho se enfoca en las actividades comerciales, mercantiles y empresariales, abarcando desde la creaci\u00f3n de sociedades hasta la resoluci\u00f3n [&hellip;]<\/p>\n","protected":false},"author":1,"featured_media":0,"parent":0,"menu_order":0,"comment_status":"closed","ping_status":"closed","template":"","meta":{"site-sidebar-layout":"no-sidebar","site-content-layout":"page-builder","ast-site-content-layout":"full-width-container","site-content-style":"default","site-sidebar-style":"default","ast-global-header-display":"","ast-banner-title-visibility":"","ast-main-header-display":"","ast-hfb-above-header-display":"","ast-hfb-below-header-display":"","ast-hfb-mobile-header-display":"","site-post-title":"disabled","ast-breadcrumbs-content":"","ast-featured-img":"disabled","footer-sml-layout":"","theme-transparent-header-meta":"","adv-header-id-meta":"","stick-header-meta":"","header-above-stick-meta":"","header-main-stick-meta":"","header-below-stick-meta":"","astra-migrate-meta-layouts":"set","ast-page-background-enabled":"default","ast-page-background-meta":{"desktop":{"background-color":"","background-image":"","background-repeat":"repeat","background-position":"center center","background-size":"auto","background-attachment":"scroll","background-type":"","background-media":"","overlay-type":"","overlay-color":"","overlay-opacity":"","overlay-gradient":""},"tablet":{"background-color":"","background-image":"","background-repeat":"repeat","background-position":"center center","background-size":"auto","background-attachment":"scroll","background-type":"","background-media":"","overlay-type":"","overlay-color":"","overlay-opacity":"","overlay-gradient":""},"mobile":{"background-color":"","background-image":"","background-repeat":"repeat","background-position":"center center","background-size":"auto","background-attachment":"scroll","background-type":"","background-media":"","overlay-type":"","overlay-color":"","overlay-opacity":"","overlay-gradient":""}},"ast-content-background-meta":{"desktop":{"background-color":"var(--ast-global-color-5)","background-image":"","background-repeat":"repeat","background-position":"center center","background-size":"auto","background-attachment":"scroll","background-type":"","background-media":"","overlay-type":"","overlay-color":"","overlay-opacity":"","overlay-gradient":""},"tablet":{"background-color":"var(--ast-global-color-5)","background-image":"","background-repeat":"repeat","background-position":"center center","background-size":"auto","background-attachment":"scroll","background-type":"","background-media":"","overlay-type":"","overlay-color":"","overlay-opacity":"","overlay-gradient":""},"mobile":{"background-color":"var(--ast-global-color-5)","background-image":"","background-repeat":"repeat","background-position":"center center","background-size":"auto","background-attachment":"scroll","background-type":"","background-media":"","overlay-type":"","overlay-color":"","overlay-opacity":"","overlay-gradient":""}},"footnotes":""},"class_list":["post-1372","page","type-page","status-publish","hentry"],"_links":{"self":[{"href":"https:\/\/jtcompanyabogadoss.com\/index.php\/wp-json\/wp\/v2\/pages\/1372","targetHints":{"allow":["GET"]}}],"collection":[{"href":"https:\/\/jtcompanyabogadoss.com\/index.php\/wp-json\/wp\/v2\/pages"}],"about":[{"href":"https:\/\/jtcompanyabogadoss.com\/index.php\/wp-json\/wp\/v2\/types\/page"}],"author":[{"embeddable":true,"href":"https:\/\/jtcompanyabogadoss.com\/index.php\/wp-json\/wp\/v2\/users\/1"}],"replies":[{"embeddable":true,"href":"https:\/\/jtcompanyabogadoss.com\/index.php\/wp-json\/wp\/v2\/comments?post=1372"}],"version-history":[{"count":16,"href":"https:\/\/jtcompanyabogadoss.com\/index.php\/wp-json\/wp\/v2\/pages\/1372\/revisions"}],"predecessor-version":[{"id":1409,"href":"https:\/\/jtcompanyabogadoss.com\/index.php\/wp-json\/wp\/v2\/pages\/1372\/revisions\/1409"}],"wp:attachment":[{"href":"https:\/\/jtcompanyabogadoss.com\/index.php\/wp-json\/wp\/v2\/media?parent=1372"}],"curies":[{"name":"wp","href":"https:\/\/api.w.org\/{rel}","templated":true}]}}